e?
True
Is 1051069 a prime number?
True
Is 38519 a prime number?
False
Is 1055247 a composite number?
True
Is 27065 prime?
False
Is 307099 composite?
True
Is 81839 a composite number?
False
Is 263843 prime?
True
Is 271753 a prime number?
True
Is 349787 prime?
True
Is 16301 composite?
False
Is 7201 a prime number?
False
Is 218938 prime?
False
Is 323641 a composite number?
False
Is 33221 a composite number?
True
Is 123973 composite?
False
Is 147509 composite?
True
Is 27381 a prime number?
False
Is 33169 a prime number?
False
Is 1823 prime?
True
Is 10637 a composite number?
True
Is 49253 prime?
True
Is 10559 a prime number?
True
Is 9517 prime?
False
Is 34415 a composite number?
True
Is 48563 a composite number?
False
Is 142651 prime?
False
Is 22535 composite?
True
Is 46985 a composite number?
True
Is 66581 prime?
False
Is 19387 prime?
True
Is 773177 a prime number?
False
Is 1689193 composite?
True
Is 210659 a composite number?
False
Is 305759 prime?
True
Is 7753 prime?
True
Is 673 composite?
False
Is 596801 a prime number?
False
Is 397337 composite?
False
Is 225113 a composite number?
True
Is 19911 a prime number?
False
Is 1214 composite?
True
Is 234937 a composite number?
True
Is 6767 a prime number?
False
Is 269761 prime?
True
Is 31069 a composite number?
False
Is 27847 a prime number?
True
Is 578893 composite?
True
Is 3521 a composite number?
True
Is 149095 a prime number?
False
Is 5143543 a composite number?
False
Is 7993 composite?
False
Is 3739 a prime number?
True
Is 439265 prime?
False
Is 650311 a composite number?
True
Is 12723 a composite number?
True
Is 6667 composite?
True
Is 21377 prime?
True
Is 27833 prime?
False
Is 180533 a prime number?
True
Is 1687 composite?
True
Is 37463 composite?
False
Is 42623 composite?
True
Is 63887 composite?
True
Is 9791 prime?
True
Is 1847 a composite number?
False
Is 1956757 a composite number?
True
Is 3079 a prime number?
True
Is 190507 composite?
False
Is 31307 a composite number?
False
Is 1608197 a prime number?
True
Is 21709 a composite number?
True
Is 12143 composite?
False
Is 11293 prime?
False
Is 38903 a composite number?
False
Is 20283 prime?
False
Is 929171 a prime number?
True
Is 73999 a prime number?
True
Is 16099 composite?
True
Is 21869 prime?
False
Is 1717 prime?
False
Is 9677 a composite number?
False
Is 31121 prime?
True
Is 4621 composite?
False
Is 737 composite?
True
Is 14143 composite?
False
Is 14143 a prime number?
True
Is 9355 composite?
True
Is 109159 a prime number?
True
Is 535241 a prime number?
False
Is 14351 a composite number?
True
Is 7559 composite?
False
Is 10723 a composite number?
False
Is 7063 a prime number?
False
Is 3127937 a prime number?
True
Is 82021 a prime number?
True
Is 18539 prime?
True
Is 1044859 composite?
False
Is 17887 a composite number?
True
Is 70451 composite?
False
Is 7669 a composite number?
False
Is 149393 composite?
False
Is 99053 a prime number?
True
Is 44391 a prime number?
False
Is 5459 prime?
False
Is 179306 a prime number?
False
Is 2303359 prime?
True
Is 52853 a composite number?
True
Is 154705 composite?
True
Is 13367 a composite number?
False
Is 1193 prime?
True
Is 107039 a prime number?
False
Is 25853 a prime number?
False
Is 101197 composite?
False
Is 109639 prime?
True
Is 443603 a composite number?
False
Is 83 a composite number?
False
Is 10279 composite?
True
Is 234067 a prime number?
True
Is 61961 composite?
False
Is 6233 prime?
False
Is 4661 a composite number?
True
Is 368723 a composite number?
True
Is 235849 composite?
False
Is 114091 prime?
False
Is 156109 prime?
True
Is 2272161 prime?
False
Is 101467 a composite number?
False
Is 727 a composite number?
False
Is 984047 composite?
False
Is 1170491 prime?
False
Is 808517 composite?
False
Is 453019 composite?
True
Is 354247 a composite number?
False
Is 126307 a prime number?
True
Is 144257 composite?
True
Is 82279 composite?
False
Is 305027 composite?
True
Is 342331 prime?
False
Is 1931 prime?
True
Is 1296417 a composite number?
True
Is 347 prime?
True
Is 282559 composite?
False
Is 7907 prime?
True
Is 185413 a prime number?
False
Is 4529 a prime number?
False
Is 1552727 prime?
False
Is 856133 a prime number?
True
Is 529467 a composite number?
True
Is 44309 prime?
False
Is 22961 prime?
True
Is 40693 composite?
False
Is 705359 composite?
True
Is 67517 a prime number?
False
Is 23183 composite?
True
Is 16489 a prime number?
False
Is 23367 a prime number?
False
Is 1096901 prime?
False
Is 53221 a composite number?
True
Is 106387 a composite number?
True
Is 1967387 a composite number?
False
Is 107785 a composite number?
True
Is 4413 prime?
False
Is 8662495 composite?
True
Is 463741 a composite number?
False
Is 739481 a composite number?
True
Is 73543 prime?
False
Is 379081 a prime number?
True
Is 28921 prime?
True
Is 858851 a prime number?
False
Is 21341 composite?
False
Is 9313 a composite number?
True
Is 3377 a prime number?
False
Is 6299 prime?
True
Is 6637 a prime number?
True
Is 4721 a composite number?
False
Is 2267 a composite number?
False
Is 319 composite?
True
Is 48593 a prime number?
True
Is 115579 a composite number?
True
Is 12047 a composite number?
True
Is 55565 a prime number?
False
Is 119963 a prime number?
True
Is 1231859 a composite number?
False
Is 2490373 a composite number?
True
Is 399643 a prime number?
True
Is 59941 a composite number?
True
Is 61211 prime?
True
Is 3503 a prime number?
False
Is 136495 composite?
True
Is 1274599 a prime number?
True
Is 20081 composite?
True
Is 8513 a prime number?
True
Is 9511 composite?
False
Is 116173 prime?
False
Is 1559 a composite number?
False
Is 543763 composite?
True
Is 94249 prime?
False
Is 72421 prime?
True
Is 40286 a prime number?
False
Is 301457 a composite number?
True
Is 48791 a prime number?
False
Is 220613 a prime number?
True
Is 19739 a composite number?
False
Is 73522 a prime number?
False
Is 477203 a prime number?
False
Is 15031 a composite number?
False
Is 105029 a prime number?
False
Is 3409 a prime number?
False
Is 74021 a prime number?
True
Is 589993 a prime number?
True
Is 3721105 a prime number?
False
Is 528611 a composite number?
False
Is 72934 a composite number?
True
Is 637503 prime?
False
Is 6247 a composite number?
False
Is 57691 composite?
True
Is 853 prime?
True
Is 37043 prime?
False
Is 303067 a composite number?
True
Is 1151 prime?
True
Is 14681 a composite number?
True
Is 12313 a prime number?
False
Is 1174171 composite?
False
Is 17291 a prime number?
True
Is 33895 prime?
False
Is 519 a prime number?
False
Is 305833 composite?
True
Is 3454667 a composite number?
False
Is 42089 a prime number?
True
Is 11027 a composite number?
False
Is 5061883 a composite number?
False
Is 6947 a composite number?
False
Is 666239 prime?
False
Is 1149359 a prime number?
False
Is 7915 prime?
False
Is 8753 a prime number?
True
Is 7291 prime?
False
Is 302111 a composite number?
False
Is 9967 composite?
False
Is 77509 a composite number?
False
Is 157627 a composite number?
False
Is 48091 a prime number?
True
Is 5873 a prime number?
False
Is 12895 composite?
True
Is 97403 composite?
True
Is 789485 prime?
False
Is 429083 prime?
True
Is 16787 a composite number?
False
Is 102893 a composite number?
True
Is 5189 a prime number?
True
Is 18979 a composite number?
False
Is 140615 a composite number?
True
Is 384271 a prime number?
False
Is 2350639 a prime number?
False
Is 65233 a prime number?
False
Is 9593 a prime number?
False
Is 52013 a prime number?
False
Is 4168915 composite?
True
Is 15905 a prime number?
False
Is 27941 composite?
False
Is 10129 composite?
True
Is 3419 a composite number?
True
Is 897817 prime?
True
Is 7609 prime?
False
Is 5435 a composite number?
True
Is 1103171 prime?
True
Is 2581 composite?
True
Is 15397 a composite number?
True
Is 148609 a prime number?
True
Is 979457 prime?
True
Is 371927 prime?
True
Is 1066103 composite?
True
Is 55021 prime?
True
Is 49007 a prime number?
False
Is 2987 composite?
True
Is 49871 a composite number?
False
Is 436343 composite?
False
Is 29717 a composite number?
False
Is 2789 composite?
False
Is 30623 composite?
True
Is 8353 composite?
False
Is 598363 composite?
False
Is 201743 a composite number?
False
Is 62831 composite?
True
Is 28774 a composite number?
True
Is 433363 a prime nu